 + 160*j**2 - 652*j - 21. What is b(6)?
99
Let r(a) = 2*a**3 + 127*a**2 + 415*a + 39696. Determine r(-65).
46
Let p(q) = 5*q**3 + 43*q**2 - 29*q - 112. Calculate p(-10).
-522
Let x(m) = m**3 + 69*m**2 + 412*m + 39323. Calculate x(-71).
-11
Let d(h) = -2*h**3 + 67*h - 228. Calculate d(3).
-81
Let n(s) = -5*s**2 - 2982*s - 17757. What is n(-6)?
-45
Let o(s) = s**2 - 126*s + 4185. Give o(52).
337
Let b(j) = -j**3 - 3068*j**2 + 18333*j + 666. Give b(6).
0
Let u(a) = -2*a**2 + 1716*a - 189334. Calculate u(130).
-54
Let n(s) = -56955*s + 62707446. Give n(1101).
-9
Let m(n) = -886*n + 150626. Determine m(170).
6
Let f(u) = 6*u**3 - 2046*u**2 + 4056*u + 4069. Determine f(339).
1
Let g(u) = u**3 - 29*u**2 + 207*u - 203. Determine g(18).
-41
Let b(k) = 899402*k - 4496993. What is b(5)?
17
Let f(o) = -114933*o - 115144. Calculate f(-1).
-211
Let d(a) = -a**2 - 17404*a - 330248. Determine d(-19).
67
Let i(p) = 1166*p - 3568. Calculate i(3).
-70
Let j(s) = 15*s**2 + 613*s + 2457. What is j(-4)?
245
Let m(y) = 8*y**2 - 423638*y - 1270934. Calculate m(-3).
52
Let t(u) = -4*u**3 + 107*u**2 - 483*u - 2002. Give t(19).
12
Let j(l) = 74*l**2 - 86*l + 54. Determine j(1).
42
Let f(a) = -146*a**2 + 18248*a + 37095. What is f(-2)?
15
Let a(b) = -b**3 - 5*b**2 + 51*b + 359. Calculate a(-6).
89
Let m(n) = -n**3 - 46*n**2 - 10*n + 1572. Calculate m(-45).
-3
Let x(w) = -w**2 - 340*w - 4768. Give x(-14).
-204
Let p(h) = 3*h**3 + 139*h**2 - 212*h + 487. Determine p(-48).
-857
Let l(b) = 24*b**2 - 427*b + 1780. Give l(11).
-13
Let j(r) = 7074*r - 21220. What is j(3)?
2
Let t(f) = -3*f**3 - 9*f**2 - 1465*f - 9096. Determine t(-6).
18
Let n(z) = -z**3 + 8*z**2 + 64*z - 387. Determine n(8).
125
Let f(m) = 52*m**2 - 903*m - 520. Determine f(18).
74
Let y(c) = -2*c**2 + 6659*c - 33243. What is y(5)?
2
Let d(b) = -5469*b - 322519. Determine d(-59).
152
Let d(u) = -2*u**2 + 22921*u + 206464. Determine d(-9).
13
Let i(p) = 2*p**3 - 2*p**2 - 54*p + 112. Determine i(6).
148
Let j(i) = -i**3 - 5*i**2 - 94594*i - 472976. Determine j(-5).
-6
Let y(l) = 11*l**2 + 2523*l + 22662. Determine y(-220).
2
Let g(q) = -155288*q + 31834034. What is g(205)?
-6
Let w(s) = s**3 + 40*s**2 - 78*s + 338. Calculate w(-41).
1855
Let r(x) = 59*x**2 - 404*x - 57. Calculate r(8).
487
Let t(g) = -13*g**2 - 22573*g + 318572. What is t(14)?
2
Let x(c) = -52472*c - 314855. Calculate x(-6).
-23
Let m(r) = 45*r**2 - 1087*r - 17095. Give m(35).
-15
Let b(y) = -9*y**2 + 112*y + 938. Calculate b(18).
38
Let h(f) = -934*f + 70932. Give h(76).
-52
Let c(x) = 2*x**3 + 38*x**2 + 1003*x + 20426. Give c(-20).
-434
Let s(k) = k**2 - 2179*k - 225514. Determine s(-99).
8
Let v(n) = -n**2 - 829*n - 141610. What is v(-588)?
98
Let m(x) = -1206*x - 92884. Calculate m(-77).
-22
Let f(l) = -206*l + 50876. Calculate f(247).
-6
Let l(r) = r**3 + 185*r**2 + 1737*r - 9958. Give l(4).
14
Let z(h) = 146*h**3 + 27*h**2 - 9*h - 19. What is z(1)?
145
Let p(j) = 3*j**3 - 3*j**2 - 285*j + 241. Give p(12).
1573
Let w(q) = -q**3 + 104*q**2 + 2035*q - 379. Give w(-17).
-5
Let h(s) = -17767*s - 159521. Calculate h(-9).
382
Let h(j) = 182*j + 2717. Calculate h(-16).
-195
Let k(w) = -194*w**3 + 6*w**2 + 333*w + 328. Give k(-1).
195
Let a(v) = 5*v**3 + 1122*v**2 + 447*v - 237. Calculate a(-224).
-13
Let c(v) = 2*v**3 - 5*v**2 + 54*v + 486. Give c(-6).
-450
Let l(x) = -3*x**3 - 25*x**2 - 82*x + 108. Give l(-7).
486
Let l(y) = 3*y**2 + 1743*y - 1741. What is l(1)?
5
Let j(m) = m**3 - 60*m**2 - 182*m - 4522. What is j(64)?
214
Let z(w) = 2*w**2 + 172*w + 3652. What is z(-21)?
922
Let f(a) = -743*a - 2470. Calculate f(-3).
-241
Let m(c) = -c**3 - 26*c**2 + 437*c - 21. Give m(-35).
-4291
Let n(c) = 90*c - 1203. Calculate n(-63).
-6873
Let v(f) = 65705*f**2 + 328531*f + 29. Determine v(-5).
-1
Let i(p) = -p**3 + 6*p**2 + 11057*p - 99258. What is i(9)?
12
Let f(r) = 168*r + 8280. Calculate f(-48).
216
Let u(g) = -3*g**3 + 3154*g**2 - 1047*g - 4217. What is u(1051)?
-13
Let a(q) = q**2 - 116*q + 994. Determine a(86).
-1586
Let t(j) = -94*j**2 - 835*j - 1612. Calculate t(-6).
14
Let q(p) = -p**3 + 4122*p**2 + 16497*p - 25. Calculate q(-4).
3
Let d(r) = -1253*r + 130969. Determine d(107).
-3102
Let y(s) = 2*s**2 + 6367*s + 3286015. Determine y(-648).
7
Let v(i) = -7078*i - 106199. Determine v(-15).
-29
Let f(h) = h**3 + 47*h**2 + 542*h + 407. What is f(-22)?
583
Let c(v) = 5*v**3 - 4*v**2 - 16*v - 13. Determine c(-4).
-333
Let q(o) = -309171*o + 3710061. What is q(12)?
9
Let d(c) = -5344*c - 3227727. Calculate d(-604).
49
Let z(i) = -i**3 + 2370*i**2 - 3106*i + 1745957. What is z(2369)?
4
Let r(u) = 129882*u + 649410. Determine r(-5).
0
Let b(l) = 8*l**3 + 1797*l**2 - 651*l + 5408. Calculate b(-225).
8
Let r(s) = 6808*s - 135947. Calculate r(20).
213
Let z(n) = -n**2 + 320*n - 18570. Calculate z(243).
141
Let f(m) = m**2 + 1234*m + 84278. What is f(-72)?
614
Let y(s) = s**3 - 29*s**2 - 15*s - 3859. What is y(33)?
2
Let g(o) = -71022*o - 17258347. Give g(-243).
-1
Let l(v) = 13*v**2 + 555*v - 1611. Calculate l(3).
171
Let q(a) = 2*a**3 - 40*a**2 - 33*a - 722. Calculate q(21).
-533
Let q(h) = 11*h**3 + 3831*h**2 + 1045*h + 547. Determine q(-348).
199
Let y(h) = h**2 + 41*h + 520. Give y(-15).
130
Let x(z) = -255348*z + 2553495. Give x(10).
15
Let t(k) = -2*k**2 + 51*k - 563. Determine t(20).
-343
Let o(m) = -2926*m + 20472. Determine o(7).
-10
Let v(u) = 10068*u + 2164621. Give v(-215).
1
Let h(w) = 6227*w - 678736. Give h(109).
7
Let r(u) = 6*u**2 - 149*u - 14114. Determine r(63).
313
Let b(r) = -5*r**3 - 709*r**2 + 3066*r - 9. What is b(-146)?
-9
Let z(r) = r**2 - 16*r + 837. Determine z(47).
2294
Let m(b) = 1651*b + 9345. Give m(-6).
-561
Let x(r) = 4*r**3 - 530*r**2 - 256*r - 799. Determine x(133).
531
Let v(z) = z**3 - 60*z**2 + 277*z - 12856. What is v(59)?
6
Let u(s) = -37*s**2 - 8358*s + 940. What is u(-226)?
36
Let z(f) = -6*f**3 - 882*f**2 + 890*f + 40. What is z(-148)?
-256
Let d(o) = 274*o + 3982. Calculate d(-16).
-402
Let y(k) = -k**2 + 19160*k + 479631. What is y(-25)?
6
Let v(g) = -120997*g**2 - 121141*g - 3. Determine v(-1).
141
Let n(r) = -5*r**3 - 81*r**2 - 47*r - 411. Calculate n(-16).
85
Let p(j) = 55*j + 5599. Calculate p(-170).
-3751
Let z(n) = 43*n**2 + 693*n + 90. What is z(-16)?
10
Let w(c) = 3389*c + 6672. What is w(-2)?
-106
Let r(d) = 2*d**3 - 1245*d**2 + 4408*d + 713182. Determine r(618).
10
Let t(f) = 8734*f + 1126616. Calculate t(-129).
-70
Let v(b) = 35*b**2 + 312*b + 2077. What is v(-6)?
1465
Let y(n) = 4649*n - 162156. Determine y(35).
559
Let w(z) = -6*z**2 - 1670*z - 64144. Give w(-46).
-20
Let l(b) = 817*b + 7129. What is l(-8)?
593
Let y(f) = -7*f**3 - 6*f**2 + 6*f + 264. Give y(6).
-1428
Let n(x) = x**2 + 2073*x - 22922. What is n(11)?
2
Let d(o) = -30*o**2 + 1416*o - 223. Calculate d(47).
59
Let g(i) = 7*i**2 - 1140*i + 19141. Calculate g(19).
8
Let w(b) = -410*b + 817. Calculate w(2).
-3
Let l(y) = -y**3 + 12*y**2 + 86*y - 92. Calculate l(11).
975
Let l(f) = -89396*f - 357590. Give l(-4).
-6
Let m(t) = -3*t**2 + 375*t + 2367. What is m(130)?
417
Let g(b) = -b**3 - 46*b**2 + 112*b + 281. Give g(-47).
-2774
Let f(w) = 57*w**2 + 1737*w + 2588. What is f(-29)?
152
Let b(l) = -3021*l - 29394. Determine b(-10).
816
Let x(n) = -130*n + 1620. Calculate x(13).
-70
Let i(s) = 2*s**3 + 120*s**2 - 133*s - 729. Determine i(-61).
-58
Let n(i) = -3*i**3 - 387*i**2 + 352*i - 4945. Determine n(-130).
-5
Let b(u) = -3*u**3 - 102*u**2 - 396*u - 13456. Calculate b(-34).
8
Let a(g) = 6*g**2 + 3599*g - 7838. Calculate a(-602).
-12
Let q(i) = -466430*i - 1865712. What is q(-4)?
8
Let d(k) = -23*k**2 - 13*k - 122. Give d(-7).
-1158
Let z(f) = 11*f**3 - 553*f**2 - 12324*f - 250. Give z(67).
18
Let c(h) = 5445*h - 163671. Calculate c(30).
-321
Let d(a) = 11752*a + 446592. Determine d(-38).
16
Let k(u) = 3463*u - 17201. Determine k(5).
114
Let m(o) = -2*o**3 + 23*o**2 + 22*o - 114. Calculate m(12).
6
Let m(q) = 50*q**2 + 15590*q + 12369. Give m(-311).
-71
Let k(x) = 3*x**2 + 2874*x + 11525. What is k(-4)?
77
Let s(r) = -4*r**2 + 290*r + 26348. Give s(125).
98
Let f(c) = -4*c**3 + 694*c**2 - 1024*c - 511. Give f(172).
865
Let v(u) = -u**3 + 18*u**2 - 185*u + 3022. Determine v(20).
-1478
Let f(z) = -2*z**2 + 851*z - 74391. Determine f(123).